{"id":59,"date":"2017-04-12T22:58:36","date_gmt":"2017-04-12T22:58:36","guid":{"rendered":"http:\/\/www.iesjacaranda.com\/?page_id=59"},"modified":"2023-12-20T22:42:13","modified_gmt":"2023-12-20T22:42:13","slug":"equipo-directivo","status":"publish","type":"page","link":"https:\/\/www.iesjacaranda.com\/index.php\/equipo-directivo\/","title":{"rendered":"Equipo Directivo"},"content":{"rendered":"<h3 style=\"text-align: center;\">-DIRECTOR: JULI\u00c1N CARPINTERO MART\u00cdN<\/h3>\n<p style=\"text-align: center;\">-VICEDIRECTORA: ANA PEREA PUERTO<\/p>\n<p style=\"text-align: center;\">-SECRETARIO: CRIST\u00d3BAL LE\u00d3N LE\u00d3N<\/p>\n<p style=\"text-align: center;\">-JEFE DE ESTUDIOS: JOS\u00c9 MANUEL LUQUE VERD\u00da<\/p>\n<p style=\"text-align: center;\">-JEFA DE ESTUDIOS ADJUNTA: MARIA TERESA MONTALVO GONZ\u00c1LEZ<\/p>\n<p style=\"text-align: center;\">-JEFE DE ESTUDIOS ADJUNTO:\u00a0DANIEL TORRENTE ANDREO<\/p>\n<p><a href=\"http:\/\/www.iesjacaranda.com\/wp-content\/uploads\/2017\/04\/direccion.jpg\"><img loading=\"lazy\" decoding=\"async\" class=\"size-large wp-image-173 aligncenter\" src=\"http:\/\/www.iesjacaranda.com\/wp-content\/uploads\/2017\/04\/direccion-1024x577.jpg\" alt=\"\" width=\"640\" height=\"361\" srcset=\"https:\/\/www.iesjacaranda.com\/wp-content\/uploads\/2017\/04\/direccion-1024x577.jpg 1024w, https:\/\/www.iesjacaranda.com\/wp-content\/uploads\/2017\/04\/direccion-300x169.jpg 300w, https:\/\/www.iesjacaranda.com\/wp-content\/uploads\/2017\/04\/direccion-768x433.jpg 768w, https:\/\/www.iesjacaranda.com\/wp-content\/uploads\/2017\/04\/direccion.jpg 1459w\" sizes=\"auto, (max-width: 640px) 100vw, 640px\" \/><\/a><\/p>\n","protected":false},"excerpt":{"rendered":"<p>-DIRECTOR: JULI\u00c1N CARPINTERO MART\u00cdN -VICEDIRECTORA: ANA PEREA PUERTO -SECRETARIO: CRIST\u00d3BAL LE\u00d3N LE\u00d3N -JEFE DE ESTUDIOS: JOS\u00c9 MANUEL LUQUE VERD\u00da -JEFA DE ESTUDIOS ADJUNTA: MARIA TERESA MONTALVO GONZ\u00c1LEZ -JEFE DE ESTUDIOS ADJUNTO:\u00a0DANIEL TORRENTE ANDREO<\/p>\n","protected":false},"author":1,"featured_media":0,"parent":0,"menu_order":0,"comment_status":"closed","ping_status":"closed","template":"","meta":{"footnotes":""},"class_list":["post-59","page","type-page","status-publish","hentry"],"_links":{"self":[{"href":"https:\/\/www.iesjacaranda.com\/index.php\/wp-json\/wp\/v2\/pages\/59","targetHints":{"allow":["GET"]}}],"collection":[{"href":"https:\/\/www.iesjacaranda.com\/index.php\/wp-json\/wp\/v2\/pages"}],"about":[{"href":"https:\/\/www.iesjacaranda.com\/index.php\/wp-json\/wp\/v2\/types\/page"}],"author":[{"embeddable":true,"href":"https:\/\/www.iesjacaranda.com\/index.php\/wp-json\/wp\/v2\/users\/1"}],"replies":[{"embeddable":true,"href":"https:\/\/www.iesjacaranda.com\/index.php\/wp-json\/wp\/v2\/comments?post=59"}],"version-history":[{"count":6,"href":"https:\/\/www.iesjacaranda.com\/index.php\/wp-json\/wp\/v2\/pages\/59\/revisions"}],"predecessor-version":[{"id":1894,"href":"https:\/\/www.iesjacaranda.com\/index.php\/wp-json\/wp\/v2\/pages\/59\/revisions\/1894"}],"wp:attachment":[{"href":"https:\/\/www.iesjacaranda.com\/index.php\/wp-json\/wp\/v2\/media?parent=59"}],"curies":[{"name":"wp","href":"https:\/\/api.w.org\/{rel}","templated":true}]}}