{"id":57,"date":"2017-04-12T22:58:50","date_gmt":"2017-04-12T22:58:50","guid":{"rendered":"http:\/\/www.iesjacaranda.com\/?page_id=57"},"modified":"2025-09-22T17:10:10","modified_gmt":"2025-09-22T17:10:10","slug":"departamentos","status":"publish","type":"page","link":"https:\/\/www.iesjacaranda.com\/index.php\/departamentos\/","title":{"rendered":"Departamentos"},"content":{"rendered":"<h3><u>JEFES DE DEPARTAMENTO<\/u><\/h3>\n<p><strong>INGL\u00c9S: CARMEN FERN\u00c1NDEZ<br \/>\n<\/strong><\/p>\n<p><strong>LENGUA CASTELLANA: JAVIER DE LOS REYES<br \/>\n<\/strong><\/p>\n<p><strong>M\u00daSICA: OSCAR GONZ\u00c1LEZ<br \/>\n<\/strong><\/p>\n<p><strong>BIOLOG\u00cdA: CARMEN RODR\u00cdGUEZ<br \/>\n<\/strong><\/p>\n<p><strong>FILOSOF\u00cdA: INMA BURGOS<br \/>\n<\/strong><\/p>\n<p><strong>GEOGRAF\u00cdA E HISTORIA: ROCIO S\u00c1NCHEZ<br \/>\n<\/strong><\/p>\n<p><strong>MATEM\u00c1TICAS: ANA ROSA GAL\u00c1N<\/strong><strong><br \/>\n<\/strong><\/p>\n<p><strong>EDUCACI\u00d3N PL\u00c1STICA: ENRIQUE RUTE<br \/>\n<\/strong><\/p>\n<h4><strong>FRANC\u00c9S: MAR\u00cdA DEL MAR GARC\u00cdA<\/strong><strong><br \/>\n<\/strong><\/h4>\n<p><strong>F\u00cdSICA Y QU\u00cdMICA: DIEGO LOZANO<br \/>\n<\/strong><\/p>\n<p><strong>EDUCACI\u00d3N F\u00cdSICA: JOS\u00c9 MANUEL SOTO<br \/>\n<\/strong><\/p>\n<p><strong>RELIGI\u00d3N: MAR\u00cdA AUXILIADORA N\u00da\u00d1EZ<br \/>\n<\/strong><\/p>\n<p><strong>ORIENTACI\u00d3N : SUSANA BLANES MARG\u00dcENDA<br \/>\n<\/strong><\/p>\n<p><strong>CULTURA CL\u00c1SICA: ANA MAR\u00cdA PEREA<br \/>\n<\/strong><\/p>\n<p><strong>FOL: ELENA BARRAGAN<br \/>\n<\/strong><\/p>\n<p><strong>TECNOLOG\u00cdA:\u00a0 LUCILA REPISO<br \/>\n<\/strong><\/p>\n<p><strong>DACE: PAULA PE\u00d1ALBA<br \/>\n<\/strong><\/p>\n<p><strong>FEIE: FRANCISCO PALMA<\/strong><\/p>\n<p><strong>INDUSTRIAS ALIMENTARIAS: JUAN CAYETANO<\/strong><\/p>\n<p><strong>HOSTELER\u00cdA: PEDRO M\u00c9NDEZ<br \/>\n<\/strong><\/p>\n","protected":false},"excerpt":{"rendered":"<p>JEFES DE DEPARTAMENTO INGL\u00c9S: CARMEN FERN\u00c1NDEZ LENGUA CASTELLANA: JAVIER DE LOS REYES M\u00daSICA: OSCAR GONZ\u00c1LEZ BIOLOG\u00cdA: CARMEN RODR\u00cdGUEZ FILOSOF\u00cdA: INMA BURGOS GEOGRAF\u00cdA E HISTORIA: ROCIO S\u00c1NCHEZ MATEM\u00c1TICAS: ANA ROSA GAL\u00c1N EDUCACI\u00d3N PL\u00c1STICA: ENRIQUE RUTE FRANC\u00c9S: MAR\u00cdA DEL MAR GARC\u00cdA F\u00cdSICA Y QU\u00cdMICA: DIEGO LOZANO EDUCACI\u00d3N F\u00cdSICA: JOS\u00c9 MANUEL SOTO RELIGI\u00d3N: MAR\u00cdA AUXILIADORA N\u00da\u00d1EZ ORIENTACI\u00d3N : <a href=\"https:\/\/www.iesjacaranda.com\/index.php\/departamentos\/\" rel=\"nofollow\"><span class=\"sr-only\">Leer m\u00e1sDepartamentos<\/span>[&hellip;]<\/a><\/p>\n","protected":false},"author":1,"featured_media":0,"parent":0,"menu_order":0,"comment_status":"closed","ping_status":"closed","template":"","meta":{"footnotes":""},"class_list":["post-57","page","type-page","status-publish","hentry"],"_links":{"self":[{"href":"https:\/\/www.iesjacaranda.com\/index.php\/wp-json\/wp\/v2\/pages\/57","targetHints":{"allow":["GET"]}}],"collection":[{"href":"https:\/\/www.iesjacaranda.com\/index.php\/wp-json\/wp\/v2\/pages"}],"about":[{"href":"https:\/\/www.iesjacaranda.com\/index.php\/wp-json\/wp\/v2\/types\/page"}],"author":[{"embeddable":true,"href":"https:\/\/www.iesjacaranda.com\/index.php\/wp-json\/wp\/v2\/users\/1"}],"replies":[{"embeddable":true,"href":"https:\/\/www.iesjacaranda.com\/index.php\/wp-json\/wp\/v2\/comments?post=57"}],"version-history":[{"count":8,"href":"https:\/\/www.iesjacaranda.com\/index.php\/wp-json\/wp\/v2\/pages\/57\/revisions"}],"predecessor-version":[{"id":7349,"href":"https:\/\/www.iesjacaranda.com\/index.php\/wp-json\/wp\/v2\/pages\/57\/revisions\/7349"}],"wp:attachment":[{"href":"https:\/\/www.iesjacaranda.com\/index.php\/wp-json\/wp\/v2\/media?parent=57"}],"curies":[{"name":"wp","href":"https:\/\/api.w.org\/{rel}","templated":true}]}}